
In base 15, what is -319 - 1?
-31a
In base 3, what is 11211020 + 120?
11211210
In base 10, what is 2288 - 42?
2246
In base 6, what is 244551 - 115?
244432
In base 4, what is 201 - -1031?
1232
In base 10, what is -13 + 1240?
1227
In base 9, what is -404 + 64?
-330
In base 9, what is -1354 + 384?
-860
In base 7, what is -224 + -302?
-526
In base 14, what is -74 - -103ac?
10338
In base 8, what is -112027 - -3?
-112024
In base 11, what is 5 - 159829?
-159824
In base 3, what is -20210220 + 20122?
-20120021
In base 15, what is -4 + -3490?
-3494
In base 13, what is -4937b0 + -1?
-4937b1
In base 10, what is 417471 - 4?
417467
In base 2, what is 100000101 - 10111111101?
-10011111000
In base 12, what is 23a - -1b1?
42b
In base 5, what is 2243034 - -12?
2243101
In base 7, what is -1441 - -14042?
12301
In base 3, what is 2010020 + -12020?
1221000
In base 16, what is -869 + -16?
-87f
In base 3, what is 102021110121 + -101?
102021110020
In base 11, what is -35 - -105?
80
In base 2, what is 101000101100 + -10001001?
100110100011
In base 16, what is aa2 + -c5?
9dd
In base 16, what is -50b6c - -5?
-50b67
In base 3, what is -11111122020 - 10?
-11111122100
In base 3, what is 12202 - 210212?
-121010
In base 9, what is -1 - 82074?
-82075
In base 9, what is 137514 - 0?
137514
In base 16, what is -3 + -e529?
-e52c
In base 13, what is -3c9 - 741?
-b3a
In base 5, what is -1 - 212100330?
-212100331
In base 12, what is 8 - 30a79?
-30a71
In base 3, what is 10 + 11120020220?
11120021000
In base 11, what is 734 - 184?
560
In base 10, what is -4 - 4284?
-4288
In base 3, what is -200100 + 10021?
-120002
In base 2, what is -1010 + -11011100000000010?
-11011100000001100
In base 3, what is -11 + 1002011022101?
1002011022020
In base 16, what is 2 + -44bf?
-44bd
In base 8, what is -1707 - -54?
-1633
In base 9, what is 2 - 204312?
-204310
In base 11, what is 1182 + -3?
117a
In base 8, what is 55532 + 146?
55700
In base 13, what is -2457 + 4?
-2453
In base 14, what is -d + 410?
401
In base 7, what is 140533 + 1?
140534
In base 12, what is -21 + 602?
5a1
In base 16, what is 88 + -59?
2f
In base 10, what is 3 - 335667?
-335664
In base 14, what is 150dd + 1?
15100
In base 8, what is -22 - -15105?
15063
In base 16, what is -324 + 37f?
5b
In base 14, what is -a798 + 1?
-a797
In base 8, what is 110307 - 2?
110305
In base 8, what is 66064 + -2?
66062
In base 13, what is 1c2 - -1657?
1849
In base 10, what is 162 - -39873?
40035
In base 9, what is 25523 - -125?
25648
In base 15, what is -73d + 90?
-69d
In base 2, what is 0 + 10011011111100010110?
10011011111100010110
In base 2, what is 101001111011001001 - -11?
101001111011001100
In base 14, what is 5 + 13295?
1329a
In base 12, what is -916 + -27?
-941
In base 9, what is 35 - -275?
321
In base 14, what is b5465 - 0?
b5465
In base 5, what is 11 + 2123413?
2123424
In base 16, what is 9624 - -16?
963a
In base 6, what is -203445 + -15?
-203504
In base 7, what is -165 + 32?
-133
In base 9, what is -58 + 73375?
73316
In base 12, what is 2ab - 293a?
-264b
In base 12, what is -242 + -5b?
-2a1
In base 5, what is -1034 - 113244?
-114333
In base 2, what is 11110010111 + 111110110?
100110001101
In base 6, what is -5 - -12323513?
12323504
In base 3, what is -2002 + -122111?
-201120
In base 11, what is 27a + -139?
141
In base 6, what is -1032445 - 12?
-1032501
In base 11, what is -54049 - 7?
-54055
In base 16, what is 6 + -2392b?
-23925
In base 5, what is 204321 + 310?
210131
In base 6, what is 111010 + 4?
111014
In base 13, what is 1 + c4ac?
c4b0
In base 3, what is 2211020101 + -12?
2211020012
In base 14, what is d77 + -33?
d44
In base 14, what is 1a + -24?
-8
In base 16, what is -5 + -21f?
-224
In base 10, what is 11 - -170?
181
In base 2, what is 10111010100101 - -110010000?
11000000110101
In base 15, what is -9 - -5544?
553a
In base 16, what is 7 - 2af4?
-2aed
In base 15, what is 96 + 2d32?
2dc8
In base 7, what is -1446155 + -33?
-1446221
In base 14, what is 29a85 + -2c?
29a57
In base 12, what is -1b - 17a2?
-1801
In base 6, what is -54235 - -151?
-54044
In base 6, what is 11043 + 3?
11050
In base 2, what is -10011111000 + 11000011?
-10000110101
In base 3, what is -10 - -102122211021?
102122211011
In base 9, what is 18 + 16784?
16813
In base 6, what is 104423 + -2?
104421
In base 3, what is 10022 + 1111100?
1121122
In base 4, what is -11 + 2302111?
2302100
In base 13, what is 128 - -6a6?
801
In base 9, what is 4 + 3602?
3606
In base 11, what is -20578 - 10a?
-20687
In base 6, what is 112 - 43250?
-43134
In base 16, what is -3 - -2964?
2961
In base 15, what is 4c - -23d6?
2433
In base 4, what is -2030 - -333?
-1031
In base 5, what is -24223 + 10030?
-14143
In base 12, what is -5 - 1972?
-1977
In base 2, what is 10011 - 11011110101010?
-11011110010111
In base 8, what is -6 - -226?
220
In base 14, what is 39 + 1990b?
19946
In base 3, what is -1101222120 - 1?
-1101222121
In base 7, what is -1044066 + -5?
-1044104
In base 7, what is 1 + 5010103?
5010104
In base 8, what is -21451 - 53?
-21524
In base 6, what is -21 + 5032341?
5032320
In base 5, what is -144 - -2014201?
2014002
In base 13, what is 3 - 770a?
-7707
In base 9, what is 304 + -67?
226
In base 15, what is -1d08b + -9?
-1d095
In base 9, what is 1 - -2725773?
2725774
In base 14, what is 969 + 1a?
985
In base 10, what is 432469 + 5?
432474
In base 10, what is 139 - 72?
67
In base 14, what is 3b90 + 0?
3b90
In base 10, what is -820 + -2292?
-3112
In base 9, what is -378 - 226?
-615
In base 15, what is -449b + -157?
-4603
In base 11, what is 2351a - -59?
23578
In base 9, what is 21476 - 12?
21464
In base 6, what is 31 - 133052?
-133021
In base 12, what is 24 - 856?
-832
In base 9, what is -111347 + 2?
-111345
In base 9, what is 5088 + -36?
5052
In base 4, what is 123323103 + 10?
123323113
In base 8, what is 4 - 454632?
-454626
In base 16, what is -8 + 8a2b?
8a23
In base 3, what is 222000 + -2100?
212200
In base 14, what is -44c5 - 13?
-44d8
In base 5, what is -1142 - 1334?
-3031
In base 2, what is 1000000111011 + -100?
1000000110111
In base 13, what is 1c8a - -22?
1cac
In base 3, what is -1111210 + 1011?
-1110122
In base 7, what is -14 + 345?
331
In base 9, what is 750 + -316?
433
In base 16, what is 12 + -610?
-5fe
In base 6, what is -5 - 503105?
-503114
In base 12, what is -3 - -2764?
2761
In base 2, what is -1000100010001100010 - 0?
-1000100010001100010
In base 16, what is 2aa9 - -9?
2ab2
In base 15, what is 20cc6 + 8?
20cce
In base 10, what is 4 + 243798?
243802
In base 10, what is -3800 - 706?
-4506
In base 10, what is 1 - -7157?
7158
In base 8, what is 110 - -272?
402
In base 15, what is -3b0 + -264?
-624
In base 12, what is 14900 + -3?
148b9
In base 12, what is 3b06 + 25?
3b2b
In base 2, what is -1100110001 + 11000?
-1100011001
In base 4, what is -1021 - -23033?
22012
In base 12, what is 120 + 5a2?
702
In base 13, what is -206 + 1c6?
-10
In base 10, what is 4237 - -4?
4241
In base 8, what is -673 + 17?
-654
In base 2, what is 101111111000001 + 1?
101111111000010
In base 2, what is -10011110001 + 10011?
-10011011110
In base 9, what is -5345 - 124?
-5470
In base 2, what is 1011111011 + 11000000110?
100100000001
In base 14, what is -985db - -9?
-985d2
In base 11, what is 28 - 3282?
-3255
In base 4, what is -1 - 21212?
-21213
In base 10, what is 485 - 3498?
-3013
In base 3, what is -11010000 + -122020?
-11202020
In base 12, what is 380 - -246?
606
In base 8, what is -20453 + 4?
-20447
In base 11, what is 285 + 335?
60a
In base 7, what is 30 + -1153306?
-1153246
In base 9, what is 58 - 273?
-214
In base 4, what is 111113 + 112000?
223113
In base 16, what is -b + 2fd?
2f2
In base 16, what is 6fe - 16f?
58f
In base 15, what is -a - 116b?
-1176
In base 16, what is -d + 260?
253
In base 6, what is -3 + 40152?
40145
In base 12, what is 4 - 3381b5?
-3381b1
In base 10, what is -4090 - 5?
-4095
In base 14, what is 2 - 500a?
-5008
In base 8, what is -1206 - 153?
-1361
In base 15, what is ada5 + 0?
ada5
In base 5, what is 133203133 - 2?
133203131
In base 9, what is -763 - 1475?
-2348
In base 14, what is 216 + -24?
1d2
In base 13, what is -4a3ba + 1?
-4a3b9
In base 11, what is 491 + 25?
506
In base 6, what is 154200 + 0?
154200
In base 12, what is 4741 + 20?
4761
In base 6, what is 102 + -1454?
-1352
In 